{"id":2853,"date":"2023-04-03T14:37:48","date_gmt":"2023-04-03T12:37:48","guid":{"rendered":"https:\/\/depressive-age.de\/shop\/?page_id=2853"},"modified":"2023-04-03T14:46:34","modified_gmt":"2023-04-03T12:46:34","slug":"agbs","status":"publish","type":"page","link":"https:\/\/depressive-age.de\/shop\/agbs\/","title":{"rendered":"AGB&#8217;s"},"content":{"rendered":"<p><strong>Allgemeine Gesch\u00e4ftsbedingungen f\u00fcr den Webshop der Depressive Age GbR (Stand April 2023)<\/strong><\/p>\n<p>\u00a7 1 Geltungsbereich, Begriffsbestimmungen<br \/>\n\u00a7 2 Vertragsabschluss<br \/>\n\u00a7 3 Widerruf des Verbrauchers, Ausschluss des Widerrufs<br \/>\n\u00a7 4 Preise, Zahlungsbedingungen, Eigentumsvorbehalt<br \/>\n\u00a7 5 Versandkosten, Liefer- und Leistungsbedingungen<br \/>\n\u00a7 6 Gew\u00e4hrleistung<br \/>\n\u00a7 7 Haftung, Schadens- und Aufwendungsersatz<br \/>\n\u00a7 8 Datenschutz<br \/>\n\u00a7 9 Identit\u00e4t des Anbieters, Kontakt<br \/>\n\u00a7 10 Online-Streitbeilegung f\u00fcr Verbraucher<br \/>\n\u00a7 11 Schlussbestimmungen<\/p>\n<p>\u00a7 1 Geltungsbereich, Begriffsbestimmungen<\/p>\n<p>(1) Die nachfolgenden Allgemeinen Gesch\u00e4ftsbedingungen gelten f\u00fcr alle Gesch\u00e4ftsbeziehungen zwischen Ihnen als Kunden und uns, der Depressive Age GbR (nachfolgend auch &#8220;Depressive Age&#8221;), die \u00fcber unseren Webshop angebahnt und abgewickelt werden. Ma\u00dfgebend ist diejenige Fassung unserer Allgemeinen Gesch\u00e4ftsbedingungen, die zum Zeitpunkt der Bestellung g\u00fcltig ist. Abweichende Bedingungen des Bestellers werden nicht anerkannt, es sei denn, Depressive Age stimmt ihrer Geltung ausdr\u00fccklich zu.<\/p>\n<p>(2) Unsere \u00fcber den Depressive Age-Webshop angebotenen Waren und Leistungen richten sich gleicherma\u00dfen an Verbraucher und Unternehmer, jedoch nur an Endabnehmer. F\u00fcr Zwecke dieser Allgemeinen Gesch\u00e4ftsbedingungen, (i) ist ein &#8220;Verbraucher&#8221; jede nat\u00fcrliche Person, die den Vertrag zu einem Zweck abschlie\u00dft, der \u00fcberwiegend weder ihrer gewerblichen noch ihrer selbst\u00e4ndigen beruflichen T\u00e4tigkeit zugerechnet werden kann (\u00a7 13 BGB) und (ii) ist ein &#8220;Unternehmer&#8221; eine nat\u00fcrliche oder juristische Person oder eine rechtsf\u00e4hige Personengesellschaft, die bei Abschluss des Vertrages in Aus\u00fcbung ihrer gewerblichen oder selbst\u00e4ndigen beruflichen T\u00e4tigkeit handelt (\u00a7 14 Abs. 1 BGB).<\/p>\n<p>&nbsp;<\/p>\n<p>\u00a7 2 Vertragsabschluss<\/p>\n<p>(1) Die auf unseren Internetseiten angebotenen Waren und Leistungen stellen noch kein Angebot zum Abschluss eines Vertrags dar, sondern lediglich eine Aufforderung zur Abgabe einer Bestellung.<\/p>\n<p>(2) Mit Ihrer Bestellung unterbreiten Sie uns ein Angebot zum Abschluss eines Kauf- oder Dienstleistungsvertrages. Im Falle einer Auslieferung von Waren kommt der Kaufvertrag durch Absendung des bestellten Artikels an Sie zustande. Die Best\u00e4tigung des Eingangs Ihrer Bestellung ist keine Annahme Ihres Angebotes. Sie dient lediglich Ihrer Information, dass diese Bestellung eingegangen ist.<\/p>\n<p>(3) Der Vertragstext wird von Depressive Age gespeichert. Die Vertragssprache richtet sich nach der Sprache, in der Sie sich eingeloggt haben (deutsch, englisch, franz\u00f6sisch).<\/p>\n<p>&nbsp;<\/p>\n<p>\u00a7 3 Widerruf des Verbrauchers, Ausschluss des Widerrufs<\/p>\n<p>(1) Als Verbraucher haben Sie ein Widerrufsrecht. Die Voraussetzungen und Rechts-folgen des Widerrufsrechts ergeben sich aus nachstehender Widerrufsbelehrung.<\/p>\n<p>Widerrufsbelehrung<\/p>\n<p>Widerrufsrecht<\/p>\n<p>Sie haben das Recht, binnen vierzehn Tagen ohne Angabe von Gr\u00fcnden diesen Vertrag zu widerrufen.<br \/>\nDie Widerrufsfrist betr\u00e4gt 14 Tage ab dem Tag an dem Sie oder ein von Ihnen benannter Dritter, der nicht der Bef\u00f6rderer ist, die letzten Waren in Besitz genommen haben bzw. hat.<br \/>\nUm Ihr Widerrufsrecht auszu\u00fcben, m\u00fcssen Sie uns (Depressive Age GbR, Oeschstr. 40, 73072 Donzdorf, Fax: 07162 24556, Telefon: 07162 9280596, E-Mail: mailorder@depressive-age.de) mittels einer eindeutigen Erkl\u00e4rung (z. B. ein mit der Post versandter Brief, Telefax oder E-Mail) \u00fcber Ihren Entschluss, diesen Vertrag zu widerrufen, informieren. Sie k\u00f6nnen daf\u00fcr das beigef\u00fcgte Muster-Widerrufsformular<\/p>\n<p>verwenden, das jedoch nicht vorgeschrieben ist.<br \/>\nZur Wahrung der Widerrufsfrist reicht es aus, dass Sie die Mitteilung \u00fcber die Aus\u00fcbung des Widerrufsrechts vor Ablauf der Widerrufsfrist absenden.<\/p>\n<p>Widerrufsfolgen<\/p>\n<p>Wenn Sie diesen Vertrag widerrufen, haben wir Ihnen alle Zahlungen, die wir von Ihnen erhalten haben, einschlie\u00dflich der Lieferkosten (mit Ausnahme der zus\u00e4tzlichen Kosten, die sich daraus ergeben, dass Sie eine andere Art der Lieferung als die von uns angebotene, g\u00fcnstigste Standardlieferung gew\u00e4hlt haben), unverz\u00fcglich und sp\u00e4testens binnen vierzehn Tagen ab dem Tag zur\u00fcckzuzahlen, an dem die Mitteilung \u00fcber Ihren Widerruf dieses Vertrags bei uns eingegangen ist. F\u00fcr diese R\u00fcckzahlung verwenden wir dasselbe Zahlungsmittel, das Sie bei der urspr\u00fcnglichen Transaktion eingesetzt haben, es sei denn, mit Ihnen wurde ausdr\u00fccklich etwas anderes vereinbart; in keinem Fall werden Ihnen wegen dieser R\u00fcckzahlung Entgelte berechnet.<br \/>\nSie haben die Waren unverz\u00fcglich und in jedem Fall sp\u00e4testens binnen vierzehn Tagen ab dem Tag, an dem Sie uns \u00fcber den Widerruf dieses Vertrags unterrichten, an uns zur\u00fcckzusenden oder zu \u00fcbergeben. Die Frist ist gewahrt, wenn Sie die Waren vor Ablauf der Frist von vierzehn Tagen absenden.<br \/>\nSie tragen die unmittelbaren Kosten der R\u00fccksendung der Waren.<br \/>\nSie m\u00fcssen f\u00fcr einen etwaigen Wertverlust der Waren nur aufkommen, wenn dieser Wertverlust auf einen zur Pr\u00fcfung der Beschaffenheit, Eigenschaften und Funktionsweise der Waren nicht notwendigen Umgang mit ihnen zur\u00fcckzuf\u00fchren ist.<\/p>\n<p>&nbsp;<\/p>\n<p>(2) Das Widerrufsrecht besteht gem\u00e4\u00df \u00a7 312g BGB unter anderem nicht<br \/>\na) bei der Lieferung von Waren, die nicht vorgefertigt sind und f\u00fcr deren Herstellung eine individuelle Auswahl oder Bestimmung durch den Verbraucher ma\u00dfgeblich ist oder die eindeutig auf die pers\u00f6nlichen Bed\u00fcrfnisse zugeschnitten sind und<br \/>\nb) bei der Lieferung versiegelter Waren, die aus Gr\u00fcnden des Gesundheitsschutzes oder der Hygiene nicht zur R\u00fcckgabe geeignet sind, wenn ihre Versiegelung nach der Lieferung entfernt wurde;<br \/>\nc) bei der Lieferung von Ton- oder Videoaufnahmen oder Computersoftware in einer versiegelten Packung, wenn die Versiegelung nach der Lieferung entfernt wurde oder<br \/>\nd) bei der Erbringung von Dienstleistungen im Zusammenhang mit Freizeitbet\u00e4tigungen (z.B. Konzert- oder Veranstaltungstickets).<\/p>\n<p>&nbsp;<\/p>\n<p>&nbsp;<\/p>\n<p>\u00a7 4 Preise, Zahlungsbedingungen, Eigentumsvorbehalt<\/p>\n<p>(1) Soweit nichts Abweichendes vereinbart wurde, gelten die am Tag des Vertragsabschlusses ma\u00dfgebenden und auf unserer Internetseite \/\/www.depressive-age.de enthaltenen Preise. Verzug tritt 14 Tage nach Rechnungsstellung ein.<\/p>\n<p>(2) Zahlungen k\u00f6nnen grunds\u00e4tzlich per Vorauskasse (Kreditkarte, \u00dcberweisung oder Paypal). \u00dcberweisungen haben auf das Konto von Depressive Age bei der Volksbank G\u00f6ppingen IBAN DE70 6106 0500 0107 7210 07; BIC: GENO DE S1VGP unter Angabe der Kundennummer im Verwendungszweck zu erfolgen. Depressive Age beh\u00e4lt sich das Recht vor, je nach H\u00f6he des Bestellwertes und Bonit\u00e4t des Bestellers im Einzelfall bestimmte Bezahlweisen auszuschlie\u00dfen.<\/p>\n<p>(3) Sind Sie Besteller mit Wohnsitz au\u00dferhalb Deutschlands, k\u00f6nnen Sie per Vorauskasse (Kreditkarte, \u00dcberweisung oder Paypal) bezahlen. Bei \u00dcberweisungen aus dem Ausland gehen anfallende Bankgeb\u00fchren zu Ihren Lasten.<\/p>\n<p>(4) Die Ware bleibt bis zur vollst\u00e4ndigen Bezahlung unser Eigentum. Geraten Sie mit der Zahlung l\u00e4nger als 14 Tage in Verzug, haben wir nach den gesetzlichen Bestimmungen das Recht, vom Vertrag zur\u00fcckzutreten und die Ware zur\u00fcckzufordern.<\/p>\n<p>(5) Bitte beachten: Bestellungen mit der Bezahlart \u00dcberweisung werden nach 7 Tagen ohne Zahlungseingang bei Depressive Age ohne vorherige Mitteilung storniert. Bestellungen mit den weiteren Bezahlarten per Vorauskasse ohne Bezahlung werden nach 24 Stunden ohne vorherige Mitteilung storniert.<\/p>\n<p>&nbsp;<\/p>\n<p>\u00a7 5 Versandkosten, Liefer- und Leistungsbedingungen<\/p>\n<p>(1) Die Versandkosten k\u00f6nnen in Abh\u00e4ngigkeit der Lieferart und der Beschaffenheit der Bestellung variieren. Weitere Informationen zur H\u00f6he der Versandkosten finden Sie auf der Seite Versandkosten<\/p>\n<p>(2) Wir liefern die Ware gem\u00e4\u00df den mit Ihnen getroffenen Vereinbarungen. Die Lieferzeit entnehmen Sie im Einzelnen der Bestell\u00fcbersicht.<\/p>\n<p>(3) Soweit nichts Abweichendes vereinbart wurde, erfolgen Lieferungen grunds\u00e4tzlich nur in die unter Versandkosten angegebenen L\u00e4nder.<\/p>\n<p>&nbsp;<\/p>\n<p>\u00a7 6 Gew\u00e4hrleistung<\/p>\n<p>(1) Sind Sie Verbraucher im Sinne von \u00a7 13 BGB, gelten die gesetzlichen Gew\u00e4hrleistungsregelungen.<\/p>\n<p>(2) Sind Sie hingegen Unternehmer im Sinne von \u00a7 14 BGB, gelten f\u00fcr Vertr\u00e4ge \u00fcber die Lieferung von Waren folgende Gew\u00e4hrleistungsregeln:<br \/>\n(a) Im Falle eines Mangels leisten wir Gew\u00e4hrleistung durch Nacherf\u00fcllung. Nacherf\u00fcllung erfolgt nach Wahl durch uns in Form von Nachbesserung oder Nachlieferung.<br \/>\n(b) Sofern wir zur Nacherf\u00fcllung nicht bereit oder in der Lage sind, k\u00f6nnen Sie nach Ihrer Wahl vom Vertrag zur\u00fccktreten oder den Kaufpreis mindern. Dasselbe gilt, wenn die Nacherf\u00fcllung fehlschl\u00e4gt, Ihnen unzumutbar ist oder sich aus Gr\u00fcnden, die wir zu vertreten haben, \u00fcber angemessene Fristen hinaus verz\u00f6gert.<br \/>\n(c) M\u00e4ngelanspr\u00fcche verj\u00e4hren innerhalb eines Jahres ab Lieferung der Ware. Dies gilt auch f\u00fcr Schadens- und Aufwendungsersatzanspr\u00fcche wegen M\u00e4ngeln au\u00dfer in den F\u00e4llen einer vors\u00e4tzlichen oder grob fahrl\u00e4ssigen Pflichtverletzung, der Verletzung von Garantien bzw. einer Verletzung des Lebens, des K\u00f6rpers oder der Gesundheit.<\/p>\n<p>&nbsp;<\/p>\n<p>\u00a7 7 Haftung, Schadens- und Aufwendungsersatz<\/p>\n<p>(1) Wir haften auf Schadensersatz nur in den F\u00e4llen der Buchst. a) bis d) wie folgt:<br \/>\n(a) f\u00fcr die Verletzung von Leben, K\u00f6rper und\/oder Gesundheit sowie f\u00fcr vors\u00e4tzlich oder grob fahrl\u00e4ssig verursachte Sch\u00e4den unbeschr\u00e4nkt;<br \/>\n(b) f\u00fcr Sch\u00e4den aus der Nichteinhaltung etwaiger schriftlich abgegebener Garantien in dem Umfang Ihres Verm\u00f6gensinteresses als Besteller, das von dem Zweck der Garantie gedeckt und uns bei ihrer Abgabe erkennbar war;<br \/>\n(c) in den F\u00e4llen der Produkthaftung nach dem Produkthaftungsgesetz;<br \/>\n(d) f\u00fcr die Verletzung von vertragswesentlichen Pflichten aufgrund leichter Fahrl\u00e4ssigkeit ist die daraus resultierende Schadensersatzhaftung auf den-jenigen Schadensumfang begrenzt, mit dessen Entstehen wir bei Vertragsschluss aufgrund der uns zu diesem Zeitpunkt bekannten Umst\u00e4nde typischerweise rechnen musste. Vertragswesentliche Pflichten sind solche grundlegenden Pflichten, die ma\u00dfgeblich f\u00fcr Ihren Vertragsabschluss waren und auf deren Einhaltung Sie vertrauen durften;<\/p>\n<p>(2) Im \u00dcbrigen ist jegliche Schadensersatzhaftung von uns, gleich aus welchem Rechtsgrund, ausgeschlossen.<\/p>\n<p>(3) In den in Abs. 1 lit d) bezeichneten F\u00e4llen verj\u00e4hren Schadens- und Aufwendungsersatzanspr\u00fcche in zw\u00f6lf Monaten. Die Verj\u00e4hrungsfrist beginnt gem\u00e4\u00df \u00a7 199 BGB.<\/p>\n<p>(4) Soweit nach diesen Bestimmungen unsere Haftung ausgeschlossen ist, gilt dies auch f\u00fcr die Haftung unserer Organe und Erf\u00fcllungs- und Verrichtungsgehilfen, insbesondere von Mitarbeitern.<\/p>\n<p>&nbsp;<\/p>\n<p>\u00a7 8 Datenschutz<\/p>\n<p>(1) S\u00e4mtliche von Ihnen mitgeteilten personenbezogenen Daten werden wir ausschlie\u00dflich gem\u00e4\u00df den Bestimmungen des deutschen Datenschutzrechts erheben, verarbeiten und speichern.<\/p>\n<p>(2) Zur Abwicklung des mit Ihnen geschlossenen Vertrags ist eine Verwendung Ihrer pers\u00f6nlichen Daten erforderlich. Eine dar\u00fcber hinausgehende Nutzung bedarf ihrer ausdr\u00fccklichen Einwilligung. Die Einzelheiten \u00fcber die erhobenen Daten und ihre jeweilige Verwendung entnehmen Sie unserer Datenschutzerkl\u00e4rung.<\/p>\n<p>&nbsp;<\/p>\n<p>\u00a7 9 Identit\u00e4t des Anbieters, Kontakt<\/p>\n<p>(1) Anbieter dieses Webshops ist die<\/p>\n<p>Depressive Age GbR<br \/>\nAnnenallee 9<br \/>\n12555 Berlin<br \/>\nDeutschland<br \/>\nTel.: + +491707706474<br \/>\nE-Mail: info@depressive-age.de<br \/>\nWebsite: www.depressive-age.de<\/p>\n<p>Vertretungsberechtigte Gesch\u00e4ftsf\u00fchrer: Jochen Klemm und Marcus Marth<\/p>\n<p>Allgemeine Service-Anfragen:<br \/>\nTelefon: +49 (0)7162 9280-26<br \/>\nTelefax: +49 (0)7162 24554<br \/>\nE-Mail: info@depressive-age.de<\/p>\n<p>Reklamationen zu bereits erhaltenen Bestellungen oder Sendungen auf dem Transportweg:<br \/>\nE-Mail: customerservice@depressive-age.de<br \/>\nTelefon: +49 (0)7162 9280-596<\/p>\n<p>&nbsp;<\/p>\n<p>(2) Beanstandungen k\u00f6nnen unter den vorgenannten Adressen geltend gemacht werden.<\/p>\n<p>&nbsp;<\/p>\n<p>\u00a7 10 Online-Streitbeilegung f\u00fcr Verbraucher<\/p>\n<p>(1) Die Europ\u00e4ische Kommission stellt eine Plattform zur Online-Streitbeilegung (OS) bereit. Diese Plattform soll als Anlaufstelle zur au\u00dfergerichtlichen Beilegung von Streitigkeiten dienen, die vertragliche Verpflichtungen von Online-Kaufvertr\u00e4gen und Online-Dienstvertr\u00e4gen betreffen. Die Plattform ist unter http:\/\/ec.europa.eu\/consumers\/odr\/ erreichbar.<\/p>\n<p>(2) Wir sind nicht verpflichtet an einem Streitbeilegungsverfahren vor einer Verbraucherschlichtungsstelle teilzunehmen und haben uns gegen eine freiwillige Teilnahme daran entschieden<\/p>\n<p>&nbsp;<\/p>\n<p>\u00a7 11 Schlussbestimmungen<\/p>\n<p>(1) Es gilt deutsches Recht unter Ausschluss des UN-Kaufrechts. F\u00fcr Verbraucher, gilt diese Rechtswahl nur insoweit, als dass dadurch nicht zwingende anwendbare Verbraucherschutzvorschriften des Staates, in dem der Verbraucher zum Zeitpunkt seiner Bestellung seinen gew\u00f6hnlichen Aufenthalt hat, entzogen werden.<\/p>\n<p>(2) Ist der Besteller Kaufmann, ist der Erf\u00fcllungsort Donzdorf.<\/p>\n<p>(3) Ist der Besteller Kaufmann, ist ausschlie\u00dflicher Gerichtsstand f\u00fcr alle Streitigkeiten der Sitz von Depressive Age. Wir sind jedoch auch berechtigt, den Besteller an seinem allgemeinen Gerichtsstand zu verklagen.<\/p>\n<p>(4) Sollten einzelne Bestimmungen dieser AGB unwirksam sein oder unwirksam werden, so wird dadurch die G\u00fcltigkeit der \u00fcbrigen Vertragsbedingungen nicht ber\u00fchrt.<\/p>\n","protected":false},"excerpt":{"rendered":"<p>Allgemeine Gesch\u00e4ftsbedingungen f\u00fcr den Webshop der Depressive Age GbR (Stand April 2023) \u00a7 1 Geltungsbereich, Begriffsbestimmungen \u00a7 2 Vertragsabschluss \u00a7 3 Widerruf des Verbrauchers, Ausschluss des Widerrufs \u00a7 4 Preise, Zahlungsbedingungen, Eigentumsvorbehalt \u00a7 5 Versandkosten, Liefer- und Leistungsbedingungen \u00a7 6 Gew\u00e4hrleistung \u00a7 7 Haftung, Schadens- und Aufwendungsersatz \u00a7 8 Datenschutz \u00a7 9 Identit\u00e4t des Anbieters,<\/p>\n<div class=\"klb-readmore entry-button\"><a class=\"btn link\" href=\"https:\/\/depressive-age.de\/shop\/agbs\/\">Read More <i class=\"klbth-icon-right-arrow\"><\/i><\/a><\/div>\n","protected":false},"author":1,"featured_media":0,"parent":0,"menu_order":0,"comment_status":"closed","ping_status":"closed","template":"","meta":[],"_links":{"self":[{"href":"https:\/\/depressive-age.de\/shop\/wp-json\/wp\/v2\/pages\/2853"}],"collection":[{"href":"https:\/\/depressive-age.de\/shop\/wp-json\/wp\/v2\/pages"}],"about":[{"href":"https:\/\/depressive-age.de\/shop\/wp-json\/wp\/v2\/types\/page"}],"author":[{"embeddable":true,"href":"https:\/\/depressive-age.de\/shop\/wp-json\/wp\/v2\/users\/1"}],"replies":[{"embeddable":true,"href":"https:\/\/depressive-age.de\/shop\/wp-json\/wp\/v2\/comments?post=2853"}],"version-history":[{"count":3,"href":"https:\/\/depressive-age.de\/shop\/wp-json\/wp\/v2\/pages\/2853\/revisions"}],"predecessor-version":[{"id":2856,"href":"https:\/\/depressive-age.de\/shop\/wp-json\/wp\/v2\/pages\/2853\/revisions\/2856"}],"wp:attachment":[{"href":"https:\/\/depressive-age.de\/shop\/wp-json\/wp\/v2\/media?parent=2853"}],"curies":[{"name":"wp","href":"https:\/\/api.w.org\/{rel}","templated":true}]}}