{"id":2960,"date":"2023-06-22T14:15:52","date_gmt":"2023-06-22T12:15:52","guid":{"rendered":"https:\/\/depressive-age.de\/shop\/?page_id=2960"},"modified":"2023-06-22T14:20:14","modified_gmt":"2023-06-22T12:20:14","slug":"impressum","status":"publish","type":"page","link":"https:\/\/depressive-age.de\/shop\/impressum\/","title":{"rendered":"Impressum"},"content":{"rendered":"<p><strong>DEPRESSIVE AGE GbR<\/strong><br \/>\nAnnenallee 9, 12555 Berlin<\/p>\n<p>Die Depressive Age GbR wird vertreten durch Jochen Klemp und Marcus Marth.<br \/>\nE-Mail: contact(at)depressive-age.de<\/p>\n<p>Umsatzsteuer-Identifikationsnummer<br \/>\ngem\u00e4\u00df \u00a7 27 a Umsatzsteuergesetz Ust.-ID: DE359940861<\/p>\n<p>Webdesign: <a href=\"https:\/\/bluelab.de\" target=\"_blank\" rel=\"noopener\">bluelab<\/a><\/p>\n<p>Der Inhalt dieser Internetseite wurde ordnungsgem\u00e4\u00df erstellt und unterliegt dem Urheberrecht. Die Depressive Age GbR \u00fcbernimmt keine Gew\u00e4hr f\u00fcr die Vollst\u00e4ndigkeit und Richtigkeit der vorhandenen Inhalte.<\/p>\n<p>Die gezeigten Bild- und Textinhalte dienen ausschlie\u00dflich zu Pr\u00e4sentationszwecken der Depressive Age GbR. Alle dargestellten Arbeiten wurden von der Depressive Age GbR selbst oder in ihrem Auftrag produziert oder von Mitarbeitern der Depressive Age GbR zu einem fr\u00fcheren Zeitpunkt in fremdem Auftrag produziert und dementsprechend gekennzeichnet. Hier wurden z.T. weitreichende Vereinbarungen mit den jeweiligen Kunden und Producern getroffen.<\/p>\n<p>Eine Vervielf\u00e4ltigung und Verwendung dieser Website und des darin enthaltenen Bild-, Video- und Tonmaterials, auch in Teilen, bedarf unserer ausdr\u00fccklichen und vorherigen schriftlichen Zustimmung. Die Depressive Age GbR ist stets bem\u00fcht, in allen Ver\u00f6ffentlichungen geltende Urheberrechte zu achten. Sollte es trotz allem zu einer Urheberrechtsverletzung kommen, wird die Depressive Age GbR den entsprechenden Inhalt von dieser Internetseite entfernen oder mit der entsprechenden Kennzeichnung versehen.<\/p>\n<p><a class=\"languagelinkbottom\" href=\"https:\/\/depressive-age.de\/shop\/datenschutzerklaerung\/\" target=\"_blank\" rel=\"noopener\">\u00bb Datenschutzerkl\u00e4rung<\/a><\/p>\n","protected":false},"excerpt":{"rendered":"<p>DEPRESSIVE AGE GbR Annenallee 9, 12555 Berlin Die Depressive Age GbR wird vertreten durch Jochen Klemp und Marcus Marth. E-Mail: contact(at)depressive-age.de Umsatzsteuer-Identifikationsnummer gem\u00e4\u00df \u00a7 27 a Umsatzsteuergesetz Ust.-ID: DE359940861 Webdesign: bluelab Der Inhalt dieser Internetseite wurde ordnungsgem\u00e4\u00df erstellt und unterliegt dem Urheberrecht. Die Depressive Age GbR \u00fcbernimmt keine Gew\u00e4hr f\u00fcr die Vollst\u00e4ndigkeit und Richtigkeit der<\/p>\n<div class=\"klb-readmore entry-button\"><a class=\"btn link\" href=\"https:\/\/depressive-age.de\/shop\/impressum\/\">Read More <i class=\"klbth-icon-right-arrow\"><\/i><\/a><\/div>\n","protected":false},"author":1,"featured_media":0,"parent":0,"menu_order":0,"comment_status":"closed","ping_status":"closed","template":"","meta":[],"_links":{"self":[{"href":"https:\/\/depressive-age.de\/shop\/wp-json\/wp\/v2\/pages\/2960"}],"collection":[{"href":"https:\/\/depressive-age.de\/shop\/wp-json\/wp\/v2\/pages"}],"about":[{"href":"https:\/\/depressive-age.de\/shop\/wp-json\/wp\/v2\/types\/page"}],"author":[{"embeddable":true,"href":"https:\/\/depressive-age.de\/shop\/wp-json\/wp\/v2\/users\/1"}],"replies":[{"embeddable":true,"href":"https:\/\/depressive-age.de\/shop\/wp-json\/wp\/v2\/comments?post=2960"}],"version-history":[{"count":2,"href":"https:\/\/depressive-age.de\/shop\/wp-json\/wp\/v2\/pages\/2960\/revisions"}],"predecessor-version":[{"id":2962,"href":"https:\/\/depressive-age.de\/shop\/wp-json\/wp\/v2\/pages\/2960\/revisions\/2962"}],"wp:attachment":[{"href":"https:\/\/depressive-age.de\/shop\/wp-json\/wp\/v2\/media?parent=2960"}],"curies":[{"name":"wp","href":"https:\/\/api.w.org\/{rel}","templated":true}]}}